{"id":302,"date":"2021-09-09T12:25:24","date_gmt":"2021-09-09T17:25:24","guid":{"rendered":"https:\/\/redinfanciasfio.org\/?page_id=302"},"modified":"2021-09-09T17:42:48","modified_gmt":"2021-09-09T22:42:48","slug":"redes-tematicas-fio","status":"publish","type":"page","link":"https:\/\/redinfanciasfio.org\/index.php\/redes-tematicas-fio\/","title":{"rendered":"Redes Tem\u00e1ticas FIO"},"content":{"rendered":"\t\t<div data-elementor-type=\"wp-page\" data-elementor-id=\"302\" class=\"elementor elementor-302\">\n\t\t\t\t\t\t<section class=\"elementor-section elementor-top-section elementor-element elementor-element-085fd70 elementor-section-boxed elementor-section-height-default elementor-section-height-default\" data-id=\"085fd70\" data-element_type=\"section\" data-e-type=\"section\">\n\t\t\t\t\t\t<div class=\"elementor-container elementor-column-gap-default\">\n\t\t\t\t\t<div class=\"elementor-column elementor-col-100 elementor-top-column elementor-element elementor-element-d8d29e7\" data-id=\"d8d29e7\" data-element_type=\"column\" data-e-type=\"column\">\n\t\t\t<div class=\"elementor-widget-wrap elementor-element-populated\">\n\t\t\t\t\t\t<section class=\"elementor-section elementor-inner-section elementor-element elementor-element-9613218 elementor-section-boxed elementor-section-height-default elementor-section-height-default\" data-id=\"9613218\" data-element_type=\"section\" data-e-type=\"section\">\n\t\t\t\t\t\t<div class=\"elementor-container elementor-column-gap-default\">\n\t\t\t\t\t<div class=\"elementor-column elementor-col-100 elementor-inner-column elementor-element elementor-element-bba5841\" data-id=\"bba5841\" data-element_type=\"column\" data-e-type=\"column\">\n\t\t\t<div class=\"elementor-widget-wrap elementor-element-populated\">\n\t\t\t\t\t\t<div class=\"elementor-element elementor-element-742a4b2 elementor-invisible elementor-widget elementor-widget-heading\" data-id=\"742a4b2\" data-element_type=\"widget\" data-e-type=\"widget\" data-settings=\"{&quot;_animation&quot;:&quot;fadeInUp&quot;}\" data-widget_type=\"heading.default\">\n\t\t\t\t<div class=\"elementor-widget-container\">\n\t\t\t\t\t<h2 class=\"elementor-heading-title elementor-size-default\">Redes Tem\u00e1ticas FIO<\/h2>\t\t\t\t<\/div>\n\t\t\t\t<\/div>\n\t\t\t\t\t<\/div>\n\t\t<\/div>\n\t\t\t\t\t<\/div>\n\t\t<\/section>\n\t\t\t\t<div class=\"elementor-element elementor-element-903c988 elementor-invisible elementor-widget elementor-widget-text-editor\" data-id=\"903c988\" data-element_type=\"widget\" data-e-type=\"widget\" data-settings=\"{&quot;_animation&quot;:&quot;fadeInUp&quot;}\" data-widget_type=\"text-editor.default\">\n\t\t\t\t<div class=\"elementor-widget-container\">\n\t\t\t\t\t\t\t\t\t<p>Las Redes tem\u00e1ticas de la FIO son los \u00f3rganos t\u00e9cnicos de la federaci\u00f3n y conformar un espacio vivo de intercambio, cooperaci\u00f3n e investigaci\u00f3n de la FIO.<\/p><p>La Federaci\u00f3n cuenta con 4 redes tem\u00e1ticas:<\/p><ul><li>Red de Comunicadores de la FIO \u2013 COMFIO<\/li><li>Red sobre Migrantes y Trata de Personas de la FIO<\/li><li>Red de Defensor\u00edas de Mujeres de la FIO<\/li><li>Red de Ni\u00f1ez y Adolescencia de la FIO<\/li><\/ul><p>\u00a0<\/p><p style=\"text-align: left;\">Las Redes tem\u00e1tica est\u00e1 integrada por las instituciones miembros de FIO, cuentan cada una de ellas cuenta con un comit\u00e9 coordinador compuesto por cinco miembros correspondientes a cada una de las cinco zonas geogr\u00e1ficas en que se articula la FIO (Europa, Am\u00e9rica del Norte, Centroam\u00e9rica, Pa\u00edses Andinos y Cono Sur).<\/p>\t\t\t\t\t\t\t\t<\/div>\n\t\t\t\t<\/div>\n\t\t\t\t\t<\/div>\n\t\t<\/div>\n\t\t\t\t\t<\/div>\n\t\t<\/section>\n\t\t\t\t<\/div>\n\t\t","protected":false},"excerpt":{"rendered":"<p>Redes Tem\u00e1ticas FIO Las Redes tem\u00e1ticas de la FIO son los \u00f3rganos t\u00e9cnicos de la federaci\u00f3n y conformar un espacio vivo de intercambio, cooperaci\u00f3n e investigaci\u00f3n de la FIO. La Federaci\u00f3n cuenta con 4 redes tem\u00e1ticas: Red de Comunicadores de la FIO \u2013 COMFIO Red sobre Migrantes y Trata de Personas de la FIO Red [&hellip;]<\/p>\n","protected":false},"author":2,"featured_media":0,"parent":0,"menu_order":0,"comment_status":"closed","ping_status":"closed","template":"","meta":{"footnotes":""},"class_list":["post-302","page","type-page","status-publish","hentry"],"yoast_head":"<!-- This site is optimized with the Yoast SEO plugin v23.7 - https:\/\/yoast.com\/wordpress\/plugins\/seo\/ -->\n<title>Redes Tem\u00e1ticas FIO - redinfanciasfio<\/title>\n<meta name=\"robots\" content=\"index, follow, max-snippet:-1, max-image-preview:large, max-video-preview:-1\" \/>\n<link rel=\"canonical\" href=\"https:\/\/redinfanciasfio.org\/index.php\/redes-tematicas-fio\/\" \/>\n<meta property=\"og:locale\" content=\"es_MX\" \/>\n<meta property=\"og:type\" content=\"article\" \/>\n<meta property=\"og:title\" content=\"Redes Tem\u00e1ticas FIO - redinfanciasfio\" \/>\n<meta property=\"og:description\" content=\"Redes Tem\u00e1ticas FIO Las Redes tem\u00e1ticas de la FIO son los \u00f3rganos t\u00e9cnicos de la federaci\u00f3n y conformar un espacio vivo de intercambio, cooperaci\u00f3n e investigaci\u00f3n de la FIO. La Federaci\u00f3n cuenta con 4 redes tem\u00e1ticas: Red de Comunicadores de la FIO \u2013 COMFIO Red sobre Migrantes y Trata de Personas de la FIO Red [&hellip;]\" \/>\n<meta property=\"og:url\" content=\"https:\/\/redinfanciasfio.org\/index.php\/redes-tematicas-fio\/\" \/>\n<meta property=\"og:site_name\" content=\"redinfanciasfio\" \/>\n<meta property=\"article:modified_time\" content=\"2021-09-09T22:42:48+00:00\" \/>\n<meta name=\"twitter:card\" content=\"summary_large_image\" \/>\n<meta name=\"twitter:label1\" content=\"Tiempo de lectura\" \/>\n\t<meta name=\"twitter:data1\" content=\"1 minuto\" \/>\n<script type=\"application\/ld+json\" class=\"yoast-schema-graph\">{\"@context\":\"https:\/\/schema.org\",\"@graph\":[{\"@type\":\"WebPage\",\"@id\":\"https:\/\/redinfanciasfio.org\/index.php\/redes-tematicas-fio\/\",\"url\":\"https:\/\/redinfanciasfio.org\/index.php\/redes-tematicas-fio\/\",\"name\":\"Redes Tem\u00e1ticas FIO - redinfanciasfio\",\"isPartOf\":{\"@id\":\"https:\/\/redinfanciasfio.org\/#website\"},\"datePublished\":\"2021-09-09T17:25:24+00:00\",\"dateModified\":\"2021-09-09T22:42:48+00:00\",\"breadcrumb\":{\"@id\":\"https:\/\/redinfanciasfio.org\/index.php\/redes-tematicas-fio\/#breadcrumb\"},\"inLanguage\":\"es\",\"potentialAction\":[{\"@type\":\"ReadAction\",\"target\":[\"https:\/\/redinfanciasfio.org\/index.php\/redes-tematicas-fio\/\"]}]},{\"@type\":\"BreadcrumbList\",\"@id\":\"https:\/\/redinfanciasfio.org\/index.php\/redes-tematicas-fio\/#breadcrumb\",\"itemListElement\":[{\"@type\":\"ListItem\",\"position\":1,\"name\":\"Inicio\",\"item\":\"https:\/\/redinfanciasfio.org\/\"},{\"@type\":\"ListItem\",\"position\":2,\"name\":\"Redes Tem\u00e1ticas FIO\"}]},{\"@type\":\"WebSite\",\"@id\":\"https:\/\/redinfanciasfio.org\/#website\",\"url\":\"https:\/\/redinfanciasfio.org\/\",\"name\":\"red infancias fio\",\"description\":\"Red de Ni\u00f1ez y Adolescencia\",\"publisher\":{\"@id\":\"https:\/\/redinfanciasfio.org\/#organization\"},\"potentialAction\":[{\"@type\":\"SearchAction\",\"target\":{\"@type\":\"EntryPoint\",\"urlTemplate\":\"https:\/\/redinfanciasfio.org\/?s={search_term_string}\"},\"query-input\":{\"@type\":\"PropertyValueSpecification\",\"valueRequired\":true,\"valueName\":\"search_term_string\"}}],\"inLanguage\":\"es\"},{\"@type\":\"Organization\",\"@id\":\"https:\/\/redinfanciasfio.org\/#organization\",\"name\":\"Red Ni\u00f1ez y Adolescencias de la Federaci\u00f3n Iberoamericana del Ombudsman\",\"url\":\"https:\/\/redinfanciasfio.org\/\",\"logo\":{\"@type\":\"ImageObject\",\"inLanguage\":\"es\",\"@id\":\"https:\/\/redinfanciasfio.org\/#\/schema\/logo\/image\/\",\"url\":\"https:\/\/redinfanciasfio.org\/wp-content\/uploads\/2023\/06\/cropped-logo-wordpress.jpg\",\"contentUrl\":\"https:\/\/redinfanciasfio.org\/wp-content\/uploads\/2023\/06\/cropped-logo-wordpress.jpg\",\"width\":300,\"height\":199,\"caption\":\"Red Ni\u00f1ez y Adolescencias de la Federaci\u00f3n Iberoamericana del Ombudsman\"},\"image\":{\"@id\":\"https:\/\/redinfanciasfio.org\/#\/schema\/logo\/image\/\"}}]}<\/script>\n<!-- \/ Yoast SEO plugin. -->","yoast_head_json":{"title":"Redes Tem\u00e1ticas FIO - redinfanciasfio","robots":{"index":"index","follow":"follow","max-snippet":"max-snippet:-1","max-image-preview":"max-image-preview:large","max-video-preview":"max-video-preview:-1"},"canonical":"https:\/\/redinfanciasfio.org\/index.php\/redes-tematicas-fio\/","og_locale":"es_MX","og_type":"article","og_title":"Redes Tem\u00e1ticas FIO - redinfanciasfio","og_description":"Redes Tem\u00e1ticas FIO Las Redes tem\u00e1ticas de la FIO son los \u00f3rganos t\u00e9cnicos de la federaci\u00f3n y conformar un espacio vivo de intercambio, cooperaci\u00f3n e investigaci\u00f3n de la FIO. La Federaci\u00f3n cuenta con 4 redes tem\u00e1ticas: Red de Comunicadores de la FIO \u2013 COMFIO Red sobre Migrantes y Trata de Personas de la FIO Red [&hellip;]","og_url":"https:\/\/redinfanciasfio.org\/index.php\/redes-tematicas-fio\/","og_site_name":"redinfanciasfio","article_modified_time":"2021-09-09T22:42:48+00:00","twitter_card":"summary_large_image","twitter_misc":{"Tiempo de lectura":"1 minuto"},"schema":{"@context":"https:\/\/schema.org","@graph":[{"@type":"WebPage","@id":"https:\/\/redinfanciasfio.org\/index.php\/redes-tematicas-fio\/","url":"https:\/\/redinfanciasfio.org\/index.php\/redes-tematicas-fio\/","name":"Redes Tem\u00e1ticas FIO - redinfanciasfio","isPartOf":{"@id":"https:\/\/redinfanciasfio.org\/#website"},"datePublished":"2021-09-09T17:25:24+00:00","dateModified":"2021-09-09T22:42:48+00:00","breadcrumb":{"@id":"https:\/\/redinfanciasfio.org\/index.php\/redes-tematicas-fio\/#breadcrumb"},"inLanguage":"es","potentialAction":[{"@type":"ReadAction","target":["https:\/\/redinfanciasfio.org\/index.php\/redes-tematicas-fio\/"]}]},{"@type":"BreadcrumbList","@id":"https:\/\/redinfanciasfio.org\/index.php\/redes-tematicas-fio\/#breadcrumb","itemListElement":[{"@type":"ListItem","position":1,"name":"Inicio","item":"https:\/\/redinfanciasfio.org\/"},{"@type":"ListItem","position":2,"name":"Redes Tem\u00e1ticas FIO"}]},{"@type":"WebSite","@id":"https:\/\/redinfanciasfio.org\/#website","url":"https:\/\/redinfanciasfio.org\/","name":"red infancias fio","description":"Red de Ni\u00f1ez y Adolescencia","publisher":{"@id":"https:\/\/redinfanciasfio.org\/#organization"},"potentialAction":[{"@type":"SearchAction","target":{"@type":"EntryPoint","urlTemplate":"https:\/\/redinfanciasfio.org\/?s={search_term_string}"},"query-input":{"@type":"PropertyValueSpecification","valueRequired":true,"valueName":"search_term_string"}}],"inLanguage":"es"},{"@type":"Organization","@id":"https:\/\/redinfanciasfio.org\/#organization","name":"Red Ni\u00f1ez y Adolescencias de la Federaci\u00f3n Iberoamericana del Ombudsman","url":"https:\/\/redinfanciasfio.org\/","logo":{"@type":"ImageObject","inLanguage":"es","@id":"https:\/\/redinfanciasfio.org\/#\/schema\/logo\/image\/","url":"https:\/\/redinfanciasfio.org\/wp-content\/uploads\/2023\/06\/cropped-logo-wordpress.jpg","contentUrl":"https:\/\/redinfanciasfio.org\/wp-content\/uploads\/2023\/06\/cropped-logo-wordpress.jpg","width":300,"height":199,"caption":"Red Ni\u00f1ez y Adolescencias de la Federaci\u00f3n Iberoamericana del Ombudsman"},"image":{"@id":"https:\/\/redinfanciasfio.org\/#\/schema\/logo\/image\/"}}]}},"_links":{"self":[{"href":"https:\/\/redinfanciasfio.org\/index.php\/wp-json\/wp\/v2\/pages\/302","targetHints":{"allow":["GET"]}}],"collection":[{"href":"https:\/\/redinfanciasfio.org\/index.php\/wp-json\/wp\/v2\/pages"}],"about":[{"href":"https:\/\/redinfanciasfio.org\/index.php\/wp-json\/wp\/v2\/types\/page"}],"author":[{"embeddable":true,"href":"https:\/\/redinfanciasfio.org\/index.php\/wp-json\/wp\/v2\/users\/2"}],"replies":[{"embeddable":true,"href":"https:\/\/redinfanciasfio.org\/index.php\/wp-json\/wp\/v2\/comments?post=302"}],"version-history":[{"count":7,"href":"https:\/\/redinfanciasfio.org\/index.php\/wp-json\/wp\/v2\/pages\/302\/revisions"}],"predecessor-version":[{"id":563,"href":"https:\/\/redinfanciasfio.org\/index.php\/wp-json\/wp\/v2\/pages\/302\/revisions\/563"}],"wp:attachment":[{"href":"https:\/\/redinfanciasfio.org\/index.php\/wp-json\/wp\/v2\/media?parent=302"}],"curies":[{"name":"wp","href":"https:\/\/api.w.org\/{rel}","templated":true}]}}