{"id":1760,"date":"2023-10-23T17:51:55","date_gmt":"2023-10-23T22:51:55","guid":{"rendered":"https:\/\/redinfanciasfio.org\/?page_id=1760"},"modified":"2024-10-31T18:09:48","modified_gmt":"2024-11-01T00:09:48","slug":"consejo-consultivo-de-infancias","status":"publish","type":"page","link":"https:\/\/redinfanciasfio.org\/index.php\/consejo-consultivo-de-infancias\/","title":{"rendered":"Consejo consultivo de infancias"},"content":{"rendered":"\t\t<div data-elementor-type=\"wp-page\" data-elementor-id=\"1760\" class=\"elementor elementor-1760\">\n\t\t\t\t\t\t<section class=\"elementor-section elementor-top-section elementor-element elementor-element-ef07d19 elementor-section-boxed elementor-section-height-default elementor-section-height-default\" data-id=\"ef07d19\" data-element_type=\"section\" data-e-type=\"section\">\n\t\t\t\t\t\t<div class=\"elementor-container elementor-column-gap-default\">\n\t\t\t\t\t<div class=\"elementor-column elementor-col-100 elementor-top-column elementor-element elementor-element-0f2ee30\" data-id=\"0f2ee30\" data-element_type=\"column\" data-e-type=\"column\">\n\t\t\t<div class=\"elementor-widget-wrap elementor-element-populated\">\n\t\t\t\t\t\t<div class=\"elementor-element elementor-element-5f2ee92 elementor-widget elementor-widget-spacer\" data-id=\"5f2ee92\" data-element_type=\"widget\" data-e-type=\"widget\" data-widget_type=\"spacer.default\">\n\t\t\t\t<div class=\"elementor-widget-container\">\n\t\t\t\t\t\t\t<div class=\"elementor-spacer\">\n\t\t\t<div class=\"elementor-spacer-inner\"><\/div>\n\t\t<\/div>\n\t\t\t\t\t\t<\/div>\n\t\t\t\t<\/div>\n\t\t\t\t\t<\/div>\n\t\t<\/div>\n\t\t\t\t\t<\/div>\n\t\t<\/section>\n\t\t\t\t<section class=\"elementor-section elementor-top-section elementor-element elementor-element-d36a736 elementor-section-boxed elementor-section-height-default elementor-section-height-default\" data-id=\"d36a736\" data-element_type=\"section\" data-e-type=\"section\">\n\t\t\t\t\t\t<div class=\"elementor-container elementor-column-gap-default\">\n\t\t\t\t\t<div class=\"elementor-column elementor-col-100 elementor-top-column elementor-element elementor-element-07b7dfc\" data-id=\"07b7dfc\" data-element_type=\"column\" data-e-type=\"column\">\n\t\t\t<div class=\"elementor-widget-wrap elementor-element-populated\">\n\t\t\t\t\t\t<div class=\"elementor-element elementor-element-ffe9dd7 elementor-widget elementor-widget-text-editor\" data-id=\"ffe9dd7\" data-element_type=\"widget\" data-e-type=\"widget\" data-widget_type=\"text-editor.default\">\n\t\t\t\t<div class=\"elementor-widget-container\">\n\t\t\t\t\t\t\t\t\t<ul><li>Con base en la Observaci\u00f3n General No. 2 del Comit\u00e9 de los Derechos de las Ni\u00f1as y los Ni\u00f1os de la ONU sobre el papel de las instituciones nacionales independientes de derechos humanos en la promoci\u00f3n y protecci\u00f3n de los derechos de las infancias que establece:<\/li><\/ul><p>\u00a0<\/p><p style=\"padding-left: 80px;\"><em>6. Corresponde a las instituciones nacionales un papel esencial en la promoci\u00f3n del respeto por las opiniones de la ni\u00f1a y el ni\u00f1o en todos los asuntos que les afectan\u2026 Las instituciones deben asegurar que se mantenga un contacto directo con las ni\u00f1as y los ni\u00f1os y que \u00e9stos participen y sean consultados en la forma adecuada.<\/em><\/p><p>\u00a0<\/p><ul><li>Y en concordancia con la Observaci\u00f3n General No. 12 del mismo Comit\u00e9 respecto del derecho de las infancias a ser escuchadas, en la cual se establecen las condiciones para expresar su opini\u00f3n libremente en los asuntos que les afectan tomando en cuenta su opini\u00f3n en funci\u00f3n de su autonom\u00eda con \u00e9nfasis en que la participaci\u00f3n debe ser efectiva y genuina, siendo un proceso, y no un acontecimiento singular y aislado.<\/li><\/ul><p>\u00a0<\/p><ul><li>La Red de Ni\u00f1ez y Adolescencia de la FIO promueve la creaci\u00f3n de un consejo consultivo de infancias y adolescencias como un espacio de participaci\u00f3n diverso, integrado por ni\u00f1as, ni\u00f1os, ni\u00f1es y adolescentes de pa\u00edses que integran la Red de Ni\u00f1ez y Adolescencia de la Federaci\u00f3n Iberoamericana del Ombudsperson.<\/li><\/ul><p>\u00a0<\/p><ul><li>El objetivo de este consejo es incorporar la opini\u00f3n de las infancias y adolescencias a trav\u00e9s de un espacio de reflexi\u00f3n colectiva para que, a trav\u00e9s de sus propuestas, puedan participar como consejo consultivo en la agenda sobre los derechos de las infancias de la Federaci\u00f3n Iberoamericana del Ombdsperson y ayuden a remover las barreras derivadas le adulto centrismo y fortalezcan las experiencias paradigm\u00e1ticas en materia de participaci\u00f3n infantil.<\/li><\/ul><p>\u00a0<\/p><ul><li>Las reuniones del consejo consultivo se realizar\u00e1n de manera bimestral, en funci\u00f3n del inter\u00e9s del grupo, y se aprovechar\u00e1 las plataformas y tecnolog\u00edas digitales comunicaci\u00f3n para su realizaci\u00f3n. Dichas reuniones ser\u00e1n facilitadas por un equipo dinamizador que apoyar\u00e1 el desarrollo de las mismas.<\/li><\/ul><p>\u00a0<\/p><ul><li>El consejo consultivo de participaci\u00f3n tendr\u00e1 entre otras, las siguientes funciones:<\/li><\/ul><p>\u00a0<\/p><p style=\"padding-left: 40px;\">a) Proponer a la Red Ni\u00f1ez y Adolescencia de la FIO temas de inter\u00e9s que se consideren necesarios a trav\u00e9s de diversos proyectos y l\u00edneas de acci\u00f3n.<br \/>b) Participar en consultas, encuestas y encuentros respecto del ejercicio y defensa de sus derechos humanos. <br \/>c) Proponer y elaborar materiales de divulgaci\u00f3n para la promoci\u00f3n y defensa de sus derechos humanos. <br \/>d) Estar informadas (os) sobre los temas que se aborden en la Red Ni\u00f1ez y Adolescencia y de la FIO, a fin de poder participar y proponer aspectos que consideren relevantes. <br \/><br \/><\/p>\t\t\t\t\t\t\t\t<\/div>\n\t\t\t\t<\/div>\n\t\t\t\t\t<\/div>\n\t\t<\/div>\n\t\t\t\t\t<\/div>\n\t\t<\/section>\n\t\t\t\t<section class=\"elementor-section elementor-top-section elementor-element elementor-element-47e27f9 elementor-section-boxed elementor-section-height-default elementor-section-height-default\" data-id=\"47e27f9\" data-element_type=\"section\" data-e-type=\"section\">\n\t\t\t\t\t\t<div class=\"elementor-container elementor-column-gap-default\">\n\t\t\t\t\t<div class=\"elementor-column elementor-col-100 elementor-top-column elementor-element elementor-element-a81d5ed\" data-id=\"a81d5ed\" data-element_type=\"column\" data-e-type=\"column\">\n\t\t\t<div class=\"elementor-widget-wrap elementor-element-populated\">\n\t\t\t\t\t\t<div class=\"elementor-element elementor-element-5c23d56 elementor-widget__width-initial elementor-widget elementor-widget-heading\" data-id=\"5c23d56\" data-element_type=\"widget\" data-e-type=\"widget\" data-widget_type=\"heading.default\">\n\t\t\t\t<div class=\"elementor-widget-container\">\n\t\t\t\t\t<h1 class=\"elementor-heading-title elementor-size-default\">Fotodocumental<br> \"Encuadrando mi entorno\"<br><\/h1>\t\t\t\t<\/div>\n\t\t\t\t<\/div>\n\t\t\t\t\t<\/div>\n\t\t<\/div>\n\t\t\t\t\t<\/div>\n\t\t<\/section>\n\t\t\t\t<section class=\"elementor-section elementor-top-section elementor-element elementor-element-6f6a805 elementor-section-boxed elementor-section-height-default elementor-section-height-default\" data-id=\"6f6a805\" data-element_type=\"section\" data-e-type=\"section\">\n\t\t\t\t\t\t<div class=\"elementor-container elementor-column-gap-default\">\n\t\t\t\t\t<div class=\"elementor-column elementor-col-100 elementor-top-column elementor-element elementor-element-7731c13\" data-id=\"7731c13\" data-element_type=\"column\" data-e-type=\"column\">\n\t\t\t<div class=\"elementor-widget-wrap elementor-element-populated\">\n\t\t\t\t\t\t<div class=\"elementor-element elementor-element-709c360 elementor-widget elementor-widget-video\" data-id=\"709c360\" data-element_type=\"widget\" data-e-type=\"widget\" data-settings=\"{&quot;youtube_url&quot;:&quot;https:\\\/\\\/youtu.be\\\/uAWp55lWybw&quot;,&quot;video_type&quot;:&quot;youtube&quot;,&quot;controls&quot;:&quot;yes&quot;}\" data-widget_type=\"video.default\">\n\t\t\t\t<div class=\"elementor-widget-container\">\n\t\t\t\t\t\t\t<div class=\"elementor-wrapper elementor-open-inline\">\n\t\t\t<div class=\"elementor-video\"><\/div>\t\t<\/div>\n\t\t\t\t\t\t<\/div>\n\t\t\t\t<\/div>\n\t\t\t\t\t<\/div>\n\t\t<\/div>\n\t\t\t\t\t<\/div>\n\t\t<\/section>\n\t\t\t\t<\/div>\n\t\t","protected":false},"excerpt":{"rendered":"<p>Con base en la Observaci\u00f3n General No. 2 del Comit\u00e9 de los Derechos de las Ni\u00f1as y los Ni\u00f1os de la ONU sobre el papel de las instituciones nacionales independientes de derechos humanos en la promoci\u00f3n y protecci\u00f3n de los derechos de las infancias que establece: \u00a0 6. Corresponde a las instituciones nacionales un papel [&hellip;]<\/p>\n","protected":false},"author":4,"featured_media":0,"parent":0,"menu_order":0,"comment_status":"closed","ping_status":"closed","template":"","meta":{"footnotes":""},"class_list":["post-1760","page","type-page","status-publish","hentry"],"yoast_head":"<!-- This site is optimized with the Yoast SEO plugin v23.7 - https:\/\/yoast.com\/wordpress\/plugins\/seo\/ -->\n<title>Consejo consultivo de infancias - redinfanciasfio<\/title>\n<meta name=\"robots\" content=\"index, follow, max-snippet:-1, max-image-preview:large, max-video-preview:-1\" \/>\n<link rel=\"canonical\" href=\"https:\/\/redinfanciasfio.org\/index.php\/consejo-consultivo-de-infancias\/\" \/>\n<meta property=\"og:locale\" content=\"es_MX\" \/>\n<meta property=\"og:type\" content=\"article\" \/>\n<meta property=\"og:title\" content=\"Consejo consultivo de infancias - redinfanciasfio\" \/>\n<meta property=\"og:description\" content=\"Con base en la Observaci\u00f3n General No. 2 del Comit\u00e9 de los Derechos de las Ni\u00f1as y los Ni\u00f1os de la ONU sobre el papel de las instituciones nacionales independientes de derechos humanos en la promoci\u00f3n y protecci\u00f3n de los derechos de las infancias que establece: \u00a0 6. Corresponde a las instituciones nacionales un papel [&hellip;]\" \/>\n<meta property=\"og:url\" content=\"https:\/\/redinfanciasfio.org\/index.php\/consejo-consultivo-de-infancias\/\" \/>\n<meta property=\"og:site_name\" content=\"redinfanciasfio\" \/>\n<meta property=\"article:modified_time\" content=\"2024-11-01T00:09:48+00:00\" \/>\n<meta name=\"twitter:card\" content=\"summary_large_image\" \/>\n<meta name=\"twitter:label1\" content=\"Tiempo de lectura\" \/>\n\t<meta name=\"twitter:data1\" content=\"3 minutos\" \/>\n<script type=\"application\/ld+json\" class=\"yoast-schema-graph\">{\"@context\":\"https:\/\/schema.org\",\"@graph\":[{\"@type\":\"WebPage\",\"@id\":\"https:\/\/redinfanciasfio.org\/index.php\/consejo-consultivo-de-infancias\/\",\"url\":\"https:\/\/redinfanciasfio.org\/index.php\/consejo-consultivo-de-infancias\/\",\"name\":\"Consejo consultivo de infancias - redinfanciasfio\",\"isPartOf\":{\"@id\":\"https:\/\/redinfanciasfio.org\/#website\"},\"datePublished\":\"2023-10-23T22:51:55+00:00\",\"dateModified\":\"2024-11-01T00:09:48+00:00\",\"breadcrumb\":{\"@id\":\"https:\/\/redinfanciasfio.org\/index.php\/consejo-consultivo-de-infancias\/#breadcrumb\"},\"inLanguage\":\"es\",\"potentialAction\":[{\"@type\":\"ReadAction\",\"target\":[\"https:\/\/redinfanciasfio.org\/index.php\/consejo-consultivo-de-infancias\/\"]}]},{\"@type\":\"BreadcrumbList\",\"@id\":\"https:\/\/redinfanciasfio.org\/index.php\/consejo-consultivo-de-infancias\/#breadcrumb\",\"itemListElement\":[{\"@type\":\"ListItem\",\"position\":1,\"name\":\"Inicio\",\"item\":\"https:\/\/redinfanciasfio.org\/\"},{\"@type\":\"ListItem\",\"position\":2,\"name\":\"Consejo consultivo de infancias\"}]},{\"@type\":\"WebSite\",\"@id\":\"https:\/\/redinfanciasfio.org\/#website\",\"url\":\"https:\/\/redinfanciasfio.org\/\",\"name\":\"red infancias fio\",\"description\":\"Red de Ni\u00f1ez y Adolescencia\",\"publisher\":{\"@id\":\"https:\/\/redinfanciasfio.org\/#organization\"},\"potentialAction\":[{\"@type\":\"SearchAction\",\"target\":{\"@type\":\"EntryPoint\",\"urlTemplate\":\"https:\/\/redinfanciasfio.org\/?s={search_term_string}\"},\"query-input\":{\"@type\":\"PropertyValueSpecification\",\"valueRequired\":true,\"valueName\":\"search_term_string\"}}],\"inLanguage\":\"es\"},{\"@type\":\"Organization\",\"@id\":\"https:\/\/redinfanciasfio.org\/#organization\",\"name\":\"Red Ni\u00f1ez y Adolescencias de la Federaci\u00f3n Iberoamericana del Ombudsman\",\"url\":\"https:\/\/redinfanciasfio.org\/\",\"logo\":{\"@type\":\"ImageObject\",\"inLanguage\":\"es\",\"@id\":\"https:\/\/redinfanciasfio.org\/#\/schema\/logo\/image\/\",\"url\":\"https:\/\/redinfanciasfio.org\/wp-content\/uploads\/2023\/06\/cropped-logo-wordpress.jpg\",\"contentUrl\":\"https:\/\/redinfanciasfio.org\/wp-content\/uploads\/2023\/06\/cropped-logo-wordpress.jpg\",\"width\":300,\"height\":199,\"caption\":\"Red Ni\u00f1ez y Adolescencias de la Federaci\u00f3n Iberoamericana del Ombudsman\"},\"image\":{\"@id\":\"https:\/\/redinfanciasfio.org\/#\/schema\/logo\/image\/\"}}]}<\/script>\n<!-- \/ Yoast SEO plugin. -->","yoast_head_json":{"title":"Consejo consultivo de infancias - redinfanciasfio","robots":{"index":"index","follow":"follow","max-snippet":"max-snippet:-1","max-image-preview":"max-image-preview:large","max-video-preview":"max-video-preview:-1"},"canonical":"https:\/\/redinfanciasfio.org\/index.php\/consejo-consultivo-de-infancias\/","og_locale":"es_MX","og_type":"article","og_title":"Consejo consultivo de infancias - redinfanciasfio","og_description":"Con base en la Observaci\u00f3n General No. 2 del Comit\u00e9 de los Derechos de las Ni\u00f1as y los Ni\u00f1os de la ONU sobre el papel de las instituciones nacionales independientes de derechos humanos en la promoci\u00f3n y protecci\u00f3n de los derechos de las infancias que establece: \u00a0 6. Corresponde a las instituciones nacionales un papel [&hellip;]","og_url":"https:\/\/redinfanciasfio.org\/index.php\/consejo-consultivo-de-infancias\/","og_site_name":"redinfanciasfio","article_modified_time":"2024-11-01T00:09:48+00:00","twitter_card":"summary_large_image","twitter_misc":{"Tiempo de lectura":"3 minutos"},"schema":{"@context":"https:\/\/schema.org","@graph":[{"@type":"WebPage","@id":"https:\/\/redinfanciasfio.org\/index.php\/consejo-consultivo-de-infancias\/","url":"https:\/\/redinfanciasfio.org\/index.php\/consejo-consultivo-de-infancias\/","name":"Consejo consultivo de infancias - redinfanciasfio","isPartOf":{"@id":"https:\/\/redinfanciasfio.org\/#website"},"datePublished":"2023-10-23T22:51:55+00:00","dateModified":"2024-11-01T00:09:48+00:00","breadcrumb":{"@id":"https:\/\/redinfanciasfio.org\/index.php\/consejo-consultivo-de-infancias\/#breadcrumb"},"inLanguage":"es","potentialAction":[{"@type":"ReadAction","target":["https:\/\/redinfanciasfio.org\/index.php\/consejo-consultivo-de-infancias\/"]}]},{"@type":"BreadcrumbList","@id":"https:\/\/redinfanciasfio.org\/index.php\/consejo-consultivo-de-infancias\/#breadcrumb","itemListElement":[{"@type":"ListItem","position":1,"name":"Inicio","item":"https:\/\/redinfanciasfio.org\/"},{"@type":"ListItem","position":2,"name":"Consejo consultivo de infancias"}]},{"@type":"WebSite","@id":"https:\/\/redinfanciasfio.org\/#website","url":"https:\/\/redinfanciasfio.org\/","name":"red infancias fio","description":"Red de Ni\u00f1ez y Adolescencia","publisher":{"@id":"https:\/\/redinfanciasfio.org\/#organization"},"potentialAction":[{"@type":"SearchAction","target":{"@type":"EntryPoint","urlTemplate":"https:\/\/redinfanciasfio.org\/?s={search_term_string}"},"query-input":{"@type":"PropertyValueSpecification","valueRequired":true,"valueName":"search_term_string"}}],"inLanguage":"es"},{"@type":"Organization","@id":"https:\/\/redinfanciasfio.org\/#organization","name":"Red Ni\u00f1ez y Adolescencias de la Federaci\u00f3n Iberoamericana del Ombudsman","url":"https:\/\/redinfanciasfio.org\/","logo":{"@type":"ImageObject","inLanguage":"es","@id":"https:\/\/redinfanciasfio.org\/#\/schema\/logo\/image\/","url":"https:\/\/redinfanciasfio.org\/wp-content\/uploads\/2023\/06\/cropped-logo-wordpress.jpg","contentUrl":"https:\/\/redinfanciasfio.org\/wp-content\/uploads\/2023\/06\/cropped-logo-wordpress.jpg","width":300,"height":199,"caption":"Red Ni\u00f1ez y Adolescencias de la Federaci\u00f3n Iberoamericana del Ombudsman"},"image":{"@id":"https:\/\/redinfanciasfio.org\/#\/schema\/logo\/image\/"}}]}},"_links":{"self":[{"href":"https:\/\/redinfanciasfio.org\/index.php\/wp-json\/wp\/v2\/pages\/1760","targetHints":{"allow":["GET"]}}],"collection":[{"href":"https:\/\/redinfanciasfio.org\/index.php\/wp-json\/wp\/v2\/pages"}],"about":[{"href":"https:\/\/redinfanciasfio.org\/index.php\/wp-json\/wp\/v2\/types\/page"}],"author":[{"embeddable":true,"href":"https:\/\/redinfanciasfio.org\/index.php\/wp-json\/wp\/v2\/users\/4"}],"replies":[{"embeddable":true,"href":"https:\/\/redinfanciasfio.org\/index.php\/wp-json\/wp\/v2\/comments?post=1760"}],"version-history":[{"count":49,"href":"https:\/\/redinfanciasfio.org\/index.php\/wp-json\/wp\/v2\/pages\/1760\/revisions"}],"predecessor-version":[{"id":2247,"href":"https:\/\/redinfanciasfio.org\/index.php\/wp-json\/wp\/v2\/pages\/1760\/revisions\/2247"}],"wp:attachment":[{"href":"https:\/\/redinfanciasfio.org\/index.php\/wp-json\/wp\/v2\/media?parent=1760"}],"curies":[{"name":"wp","href":"https:\/\/api.w.org\/{rel}","templated":true}]}}